1*u + 27. What is d(7)?
-1
Let o(z) = -18*z + 2. Determine o(-2).
38
Let i(x) = -8*x + 8. What is i(6)?
-40
Let y(p) = -5*p - 39. Give y(-4).
-19
Let h(j) = 22*j**2 - 4*j - 7. Calculate h(-2).
89
Let y(b) = 6*b - 4. Give y(4).
20
Let g(d) = 4*d**2 - 11*d - 2. Calculate g(3).
1
Let w(o) = o**3 - o**2 - 7*o + 15. What is w(0)?
15
Let l(i) = -4*i - 16. Give l(18).
-88
Let j(h) = h**2 - 5*h - 6. Determine j(7).
8
Let o(d) = 8*d**3 + 3*d**2 + d - 3. Determine o(-2).
-57
Let m(c) = 7*c**2 - c - 7. What is m(1)?
-1
Let h(z) = z**2 + 12*z - 75. Calculate h(-17).
10
Let k(u) = u**3 - 7*u**2 + u - 6. What is k(7)?
1
Let u(j) = 6*j + 101. Determine u(-11).
35
Let n(r) = r**3 - 4*r**2 + 4*r - 10. Give n(4).
6
Let w(x) = x**3 - 10*x**2 + 6*x + 17. Determine w(7).
-88
Let c(i) = i + 21. Determine c(-12).
9
Let p(z) = z**3 + 5*z**2 - 10*z - 12. Give p(-6).
12
Let x(j) = 5*j + 45. Give x(-9).
0
Let s(c) = -19*c - 133. Determine s(-7).
0
Let j(t) = t**2 - 2*t + 2. What is j(1)?
1
Let m(k) = -k**3 + 6*k**2 + 2*k - 9. Give m(6).
3
Let j(n) = 4*n + 10. What is j(7)?
38
Let o(f) = 4*f**2 - 4*f - 2. Calculate o(4).
46
Let k(p) = 14*p - 149. Determine k(15).
61
Let m(n) = -n**3 - 6*n**2 - 3*n - 1. Calculate m(-5).
-11
Let v(w) = -w**2 - 4*w + 15. Calculate v(2).
3
Let c(j) = 9*j + 178. Give c(-14).
52
Let n(x) = -3*x + 79. What is n(25)?
4
Let o(w) = 16*w**2 - w - 3. Give o(-1).
14
Let j(y) = -y - 41. Calculate j(17).
-58
Let n(s) = -s**2 - 15*s - 17. Determine n(-14).
-3
Let u(p) = -14*p + 2. Determine u(-6).
86
Let l(i) = i**2 + 29*i + 8. Determine l(-29).
8
Let p(f) = f**3 - 23*f**2 + f - 28. Calculate p(23).
-5
Let r(l) = -5*l + 24. Give r(7).
-11
Let d(p) = -p**3 + 12*p**2 - 2*p - 21. Calculate d(12).
-45
Let z(h) = -h**3 - 5*h**2 + 8*h + 1. Calculate z(-6).
-11
Let i(h) = h**3 - 4*h**2 - 5*h + 5. Determine i(5).
5
Let i(q) = q + 16. What is i(8)?
24
Let l(f) = -f**3 + 4*f**2 - 34*f + 95. What is l(3)?
2
Let r(i) = i + 5. Give r(-6).
-1
Let m(k) = -k**3 + 7*k**2 - 7*k + 7. Give m(6).
1
Let d(o) = -5*o**3 - o**2 - 1. Determine d(1).
-7
Let x(w) = w**2 - 5*w + 3. What is x(4)?
-1
Let z(w) = 10*w + 27. Give z(-2).
7
Let j(h) = -h**3 - h**2 - 11*h - 21. Determine j(-5).
134
Let k(h) = -12*h**2 - 56*h - 6. Give k(-5).
-26
Let k(r) = -2*r**3 + 4*r**2 - 6. Give k(3).
-24
Let k(p) = -2*p. What is k(-5)?
10
Let w(m) = m**3 + 5*m**2 + 2*m + 5. Calculate w(-5).
-5
Let m(l) = l**2 - 10*l - 10. What is m(10)?
-10
Let m(o) = -75*o + 390. Give m(5).
15
Let o(q) = 11*q**2 + 5*q - 4. Determine o(1).
12
Let j(q) = -q**3 + 6*q + 7. Determine j(-2).
3
Let w(c) = 5*c + 3. What is w(3)?
18
Let o(k) = -k**2 + 14*k - 3. What is o(7)?
46
Let i(n) = 4*n**2 - 10*n + 2. Determine i(3).
8
Let m(l) = -4*l**2 - 13*l + 40. Give m(4).
-76
Let f(a) = 4*a - 2. What is f(-1)?
-6
Let y(b) = -b**3 + 3. Calculate y(-2).
11
Let y(j) = j**3 - j**2 - j - 2. Give y(4).
42
Let w(r) = -r**3 - 13*r**2 - 13*r - 18. What is w(-12)?
-6
Let u(x) = -15*x. Give u(1).
-15
Let c(s) = -2*s - 1. Determine c(-4).
7
Let n(b) = b**2 + b + 39. Give n(0).
39
Let p(q) = -q**3 - 6*q**2 - 3*q + 8. Calculate p(-5).
-2
Let p(r) = 12*r - 419. Give p(34).
-11
Let y(g) = -5*g + 69. Determine y(13).
4
Let w(i) = -2*i**3 - 26*i**2 + i - 14. What is w(-13)?
-27
Let t(x) = x**3 - 8*x**2 - 13*x - 1. Calculate t(9).
-37
Let v(d) = -d**3 + 7*d**2 - d - 5. Give v(7).
-12
Let c(o) = o**3 - 7*o**2 + 4*o + 4. Give c(4).
-28
Let n(j) = -18*j**2 + 3*j - 1. Calculate n(-3).
-172
Let q(l) = l**3 + l**2 - 9*l + 18. Calculate q(-5).
-37
Let b(f) = f**3 + 10*f**2 + 10*f + 3. What is b(-9)?
-6
Let x(q) = -q**3 - 9*q**2 - 7*q. Give x(-8).
-8
Let k(q) = -6*q**2 + 2. Calculate k(-2).
-22
Let u(b) = 22*b + 17. Determine u(-4).
-71
Let y(q) = -18*q - 346. What is y(-19)?
-4
Let s(r) = -r**3 + 22*r**2 + 46*r + 27. Give s(24).
-21
Let d(w) = -w**3 - 10*w**2 - 2*w + 13. Determine d(-7).
-120
Let h(d) = -d**2 + 4*d + 81. Calculate h(-8).
-15
Let d(x) = -x**3 - 6*x**2 - 11*x - 24. What is d(-5)?
6
Let u(y) = -y**2 - 6*y + 2. Determine u(-5).
7
Let v(w) = w**3 - 6*w**2 + 12*w - 16. Calculate v(4).
0
Let m(q) = 4*q + 23. Determine m(-8).
-9
Let c(a) = a**2 - 12*a + 28. What is c(5)?
-7
Let t(y) = 3*y - 39. Give t(10).
-9
Let j(d) = -d**2 + 23*d + 7. What is j(23)?
7
Let b(s) = -s**3 - 24*s**2 - 21*s - 6. What is b(-23)?
-52
Let b(j) = j**3 + j**2 + 5*j - 9. What is b(0)?
-9
Let x(p) = -p**2 + 5*p - 4. What is x(7)?
-18
Let z(p) = 63*p + 22. Determine z(-1).
-41
Let q(l) = l**2 + 3*l - 4. What is q(-4)?
0
Let w(d) = 6*d - 1. What is w(6)?
35
Let l(t) = t + 33. Determine l(-16).
17
Let s(t) = t - 8. Calculate s(6).
-2
Let p(h) = 24*h - 142. Give p(6).
2
Let z(c) = c**3 - 9*c**2 - 41*c + 37. Calculate z(12).
-23
Let y(m) = -4*m**2 - 2*m + 8. Give y(2).
-12
Let f(q) = 4*q**2 - 136*q + 24. Determine f(34).
24
Let u(p) = p**3 + 29*p**2 + 53*p - 20. What is u(-27)?
7
Let l(v) = v**3 + 18*v**2 - 21*v - 27. Give l(-19).
11
Let w(r) = r**2 - 5*r - 6. Calculate w(6).
0
Let x(l) = l**3 + 10*l**2 - 18*l - 25. Determine x(-11).
52
Let l(t) = -29*t - 371. What is l(-13)?
6
Let j(d) = 21*d + 3. Calculate j(-2).
-39
Let u(l) = 2*l + 8. What is u(-5)?
-2
Let n(s) = -s**2 - 9*s - 8. Give n(-9).
-8
Let d(f) = -6*f + 6. Determine d(2).
-6
Let i(c) = 2*c + 1. Determine i(2).
5
Let h(f) = -29*f - 662. Calculate h(-23).
5
Let w(y) = -2*y**2 - 5*y + 9. Give w(4).
-43
Let p(f) = f**2 + 7*f + 5. Determine p(-7).
5
Let j(m) = 2*m**2 + 7*m - 42. What is j(-6)?
-12
Let i(k) = 2*k**3 - 10*k**2 - 9*k - 11. Give i(6).
7
Let m(y) = -y**3 + y**2 + 2*y + 4. Determine m(4).
-36
Let w(g) = g - 7. Determine w(8).
1
Let j(c) = c**2 + 19*c + 69. Determine j(-4).
9
Let u(l) = -2*l**3 - 5*l - 5. Determine u(-1).
2
Let m(b) = b**3 - 33*b**2 + 32*b + 3. Determine m(32).
3
Let h(t) = t**3 + 6*t**2 - 8*t + 7. Calculate h(-7).
14
Let f(a) = a**2 + 3*a - 3. What is f(1)?
1
Let h(j) = j**3 - 21*j**2 - 25*j + 36. Calculate h(22).
-30
Let h(j) = j + 3. What is h(6)?
9
Let n(k) = -2*k**3 + 13*k**2 - 6*k + 12. Determine n(6).
12
Let s(y) = y**3 + 2*y**2 - 2*y - 3. Give s(-2).
1
Let q(l) = l**3 + 8*l**2 - 3*l - 1. Give q(-8).
23
Let r(t) = -48*t - 283. What is r(-6)?
5
Let b(a) = -12*a**3 + 2*a**2 + 2*a. Calculate b(2).
-84
Let v(l) = 4*l**2 - 44*l - 40. Determine v(12).
8
Let k(h) = -5*h**3. What is k(1)?
-5
Let v(w) = w**3 + 6*w**2 + w - 7. Calculate v(-3).
17
Let x(m) = -4*m**2 + 6*m - 1. Give x(2).
-5
Let x(k) = 2*k**2 + 3*k + 18. Determine x(-5).
53
Let o(f) = 14*f - 131. Give o(9).
-5
Let u(a) = -a**3 + 6*a**2 + a + 2. Determine u(6).
8
Let l(z) = z**3 - 16*z**2 + 19*z - 19. Calculate l(15).
41
Let s(t) = 9*t + 123. Determine s(-15).
-12
Let u(h) = h**2 + 12*h - 5. Calculate u(-13).
8
Let z(k) = -k**3 + 3*k**2 + 3*k + 5. Determine z(5).
-30
Let d(s) = 13*s + 405. Determine d(-32).
-11
Let d(v) = -v**3 - 9*v**2 - 12*v - 10. Give d(-7).
-24
Let s(q) = 2*q + 17. Calculate s(-8).
1
Let t(z) = -z**3 - 5*z**2 - 5*z + 4. Give t(-3).
1
Let a(j) = 11*j. What is a(-6)?
-66
Let o(k) = k - 58. Give o(0).
-58
Let a(s) = 15*s - 24. Determine a(2).
6
Let y(l) = 63*l - 260. Give y(4).
-8
Let s(z) = z + 7. Determine s(-10).
-3
Let l(d) = 10*d - 8. Give l(1).
2
Let a(c) = 30*c - 924. Give a(31).
6
Let h(j) = -3*j**3 - 3*j**2 + 2*j - 1. Determine h(-3).
47
Let w(r) = -2*r**2 + 5*r + 4. Determine w(4).
-8
Let c(l) = l**3 - 6*l**2 - 1. Calculate c(5).
-26
Let u(c) = c**3 + 7*c**2 - 8*c + 2. Calculate u(1).
2
Let a(s) = 19*s - 32. Determine a(2).
6
Let g(f) = f**3 - 103*f**2 + 97*f + 518. Determine g(102).
8
Let q(w) = -w + 17. What is q(23)?
-6
Let f(u) = -u**3 + 5*u**2 - u - 2. Calculate f(5).
-7
Let a(j) = j**3 + j**2 + 2*j - 1. Give a(-2).
-9
Let k(d) = -d**3 + 3*d**2. What is k(4)?
-16
Let b(c) = c**3 - 9*c + 10. What is b(3)?
10
Let g(u) = u**3 + 8*u**2 + 6*u - 33. Calculate g(-6).
3
Let l(k) = -k**3 + 4*k**2 - 2*k + 1. What is l(4)?
-7
Let s(h) = h**2 + 13*h + 4. Determine s(-5).
-36
Let l(a) = 3*a + 1. Determine l(-10).
-29
Let w(t) = t**3 + 9*t**2 + 10*t - 10. Determine w(-8).
-26
Let w(d) = d**2 + 3*d + 12. Calculate w(-7).
40
Let u(l) = -2*l**2 + 17*l - 13. Determine u(7).
8
Let t(f) = f**3 + 5*f**2 + 6*f + 3. Calculate t(-5).
-27
Let d(h) = -h**3 + 25*h**2 + 32*h - 140. What is d(26)?
16
Let p(g) = -g**3 + 4*g**